 + 26*(-25)/50. Calculate m(w).
-23
Let q(l) be the first derivative of -2*l**2 + 50*l + 834. Give q(13).
-2
Suppose -9*r = 3*r - 36. Suppose 3*n - 4 = -3*q - 7, r*n = 3*q - 33. Let w(c) = c**2. Let j(p) = -p**2 + 6*p - 7. Let o(y) = -j(y) - 2*w(y). What is o(n)?
7
Let z(r) = -r**3 - 6*r**2 - 2*r + 6. Let n = 69 + 17. Suppose -2*g = x - n, -2*g + 3*x = 21 - 115. Let l = 39 - g. Give z(l).
-9
Let u(r) = -10 - 18*r**2 + 6*r**2 + 2*r - 11 + 18. Let a(y) = -26*y**2 + 5*y - 7. Let x(z) = 2*a(z) - 5*u(z). Determine x(1).
9
Let k(f) = -f + 11*f**3 - f**2 - 1 + 2 - 7*f**3. Let n(v) = v**2 - 278*v - 2287. Let w be n(-8). Give k(w).
3
Let l(d) = -2*d - 2. Let c(x) = -4*x - 9. Let p(s) = 12*s + 28. Let v(u) = -10*c(u) - 3*p(u). Let z(f) = 6*l(f) + 2*v(f). Determine z(1).
-4
Let v(d) = -d**2 + 7*d - 9. Let o(h) = h**3 + 3*h**2 - 6*h - 6. Let i be o(-4). Suppose -4 = -4*l, i*m = -6*l + 3*l + 51. Suppose -p + m = 3*p. Determine v(p).
-3
Let b(c) be the second derivative of -10*c**3/3 + 6*c**2 + 10*c - 2. Let y(s) = -17*s + 12. Let h(z) = -6*b(z) + 7*y(z). Determine h(-9).
3
Let t(b) be the first derivative of -b**4/4 - b**3/3 + b**2 + 3*b + 2104. Give t(4).
-69
Let g(o) = 4 + 6354*o - 6355*o - o**2 - 8*o**2. Give g(-2).
-30
Let w(z) = 5*z + 4. Suppose -9*o + 7*o - 5*l = -5, -3*o - 15 = 3*l. Give w(o).
-46
Let o(q) = -5*q - 26. Let w be 9*(-15 + 0 - -14). What is o(w)?
19
Let u = 806 + -812. Let k(p) = -p**3 - 3*p**2 + 2*p - 14. Calculate k(u).
82
Let n(k) = 2*k**2 - 70. Let g = -7136 - -7130. Calculate n(g).
2
Let c(g) = -g**2 + 20. Let j be (1390/(-35))/((-3)/21). Let l = j - 278. What is c(l)?
20
Let p(r) be the third derivative of r**4/3 + 136*r**3/3 - 5307*r**2. Give p(-35).
-8
Let r(i) be the second derivative of i**5/20 - i**4/2 - i**3/3 - 5*i**2 - i + 212. What is r(7)?
25
Let r(h) = -h**3 + 10*h**2 - 6*h - 9. Suppose 27 = 13*k - 428. Suppose 44*p - 81 = k*p. Determine r(p).
18
Suppose 20*r = 21*r + 6. Let a(q) = 13*q - 5. Let c(h) = -7*h + 3. Let l(o) = -6*a(o) - 11*c(o). Give l(r).
3
Let i(f) = -6*f**3 - f**3 - 3 + 4 - f. Let h(y) = -y**2 - 136*y + 18786. Let x be h(-221). Give i(x).
-7
Let t(g) = -1 - g**2 + 513*g + 601*g + 6 - 1116*g. What is t(-3)?
2
Suppose 7*p - 6*p + 5 = 0, -4*p - 35 = 5*a. Let s(t) = 23*t + 5. Determine s(a).
-64
Suppose 2*j - 5*o - 24 = 0, 12 = j - 2*o + 2. Let i(l) = -2*l + 7*l - 1 + l**j - 4*l. Let k be 12/5*1115/892. Calculate i(k).
11
Let w(k) be the first derivative of -k**2 - 8*k - 601. Give w(0).
-8
Let a(t) = -184873*t - 184872*t + 369748*t - 2*t**3 + 3*t**2 - 13. Determine a(2).
-11
Let h(i) = 3*i - 44. Let q be (4/(-6) + 1)/((-1)/(-6)). Suppose q*d - 6 = 5*b, 6*d + 69 = 11*d + b. Give h(d).
-5
Let v(f) = -26*f**2 - 147*f + 244. Let r(j) = 6*j**2 + 37*j - 61. Let o(a) = -9*r(a) - 2*v(a). Determine o(-21).
-2
Suppose s + 3*s - 12 = 0. Let w(v) = -1 - 2 + 68*v**2 + 67*v**2 + 75*v**2 - 209*v**2 + v. Calculate w(s).
9
Let s(h) = -10*h - 56. Let n = 6358 - 6364. Give s(n).
4
Let l(r) = r**3 + 15*r**2 + 13*r - 14. Let m be l(-14). Suppose 3*d + 2*q - 9 = m, d - 7 = -3*q + q. Let o(x) = -26*x**2 - x. Give o(d).
-27
Suppose -2*j - 2*t = 418 + 234, -2*j - 3*t = 647. Let b = 339 + j. Let m(g) = g**3 - 9*g**2 + 10*g - 7. What is m(b)?
9
Let a(c) = -3*c + 41. Suppose 0 = -2*t + 5*p + 48, 18*t + 64 = 22*t - 2*p. Calculate a(t).
-1
Suppose 86*w = -74*w - 94*w - 9906. Let n(s) = -2*s - 74. Give n(w).
4
Let k(g) be the second derivative of 7*g**4/12 + g**3/2 - 7*g**2 + 5*g + 581. Determine k(3).
58
Let v be (224/(-170) - 620/(-5270)) + (-28)/10. Let j(f) be the third derivative of -f**4/6 - 2*f**3/3 - 3*f**2. Determine j(v).
12
Let a(s) = -7*s**3 + 56*s**2 + 3*s + 15. Let m(l) = 4*l**3 - 32*l**2 - l - 9. Let b(z) = -5*a(z) - 9*m(z). Let w be 1/((-1)/(-6)) + 1. Give b(w).
13
Let k = -37727 + 37729. Let j(g) = -3*g**3 + g. Let t be j(-1). Let u(y) = t + 2 - y - 3 + 2*y**3. Give u(k).
15
Let o(y) = -2*y**3 - 18*y**2 + 14*y + 14. Let r(g) = -g + 1. Let k(v) = o(v) - 3*r(v). Give k(-10).
41
Let t(a) = a + 6. Let z be t(-17). Let q(w) = 9*w - 26 + 16 + 11 + 8 + 5 + w**2. Determine q(z).
36
Let x(j) = -728 + 369 + 364 - 2*j. Suppose -11*z + 10*z = h + 4, -2 = -h. Determine x(z).
17
Let z = -21823 + 21832. Let b(g) = g**3 - 15*g**2 + 53*g + 7. Calculate b(z).
-2
Let o(h) = -3*h - 5. Let b(q) = q + 1. Suppose 4*a = 3*u + 12, 4*a = -0*u + 4*u + 16. Let w(m) = u*o(m) - 11*b(m). Give w(-5).
4
Let i(g) = -2*g. Suppose 4*x + 2*z - 42 = -z, -z = 2. Let h be (-4 + 7/(-14)*-10)*2. Suppose 6*w - h*w = x. What is i(w)?
-6
Let l(m) be the third derivative of 0 - 1/6*m**4 + 1/2*m**3 + 98*m**2 - 1/120*m**6 + 0*m + 1/20*m**5. What is l(3)?
-9
Let z(q) be the first derivative of -13 + 0*q + 4/3*q**3 + 5/24*q**4 - 1/60*q**5 + 1/2*q**2. Let o(b) be the second derivative of z(b). Determine o(6).
2
Let k be 4726/(-417)*(18/(-4) + 3 - 0). Let n(o) = o**3 - 19*o**2 + 29*o + 90. Give n(k).
5
Suppose -639*h - 308 = -617*h. Let x(d) = 13*d - d**3 - 7 - 8 + 1 - 13*d**2. Give x(h).
0
Suppose 5*w + 17 = 4*r, -1434*w + r = -1430*w + 18. Let v(q) = -q**2 + 0 + 0*q - 2*q - 4. Give v(w).
-19
Suppose 11 = b + 27. Let r(z) = 13*z**2 - 198*z - 132. Let g(c) = -18*c**2 + 276*c + 185. Let k(l) = -18*g(l) - 25*r(l). Calculate k(b).
2
Let k(h) = -3*h**2 - h. Let b(q) = q**2 + 3. Let d(s) = -2*b(s) - k(s). Suppose 9*x + 6 + 30 = 0. What is d(x)?
6
Let k(q) = q**3 + 4*q**2 + 11*q + 21. Let x be 13/(-13)*3 + 0. Give k(x).
-3
Let w(n) = -2 - 44 - 2957*n + 2950*n. Determine w(-13).
45
Let v(r) be the second derivative of 79*r - 3*r**2 + 0 + 1/6*r**3. Determine v(0).
-6
Let o(s) = -5*s - 135. Let f = -9775 - -9749. What is o(f)?
-5
Let v(g) = g**2 - 2. Let c(k) = -2*k**2 + k + 6. Let u(h) = h + 3. Let p be u(-8). Let n(f) = p*v(f) - 3*c(f). Determine n(4).
-4
Let m(g) = 85*g + 24. Let j be m(2). Let b = -196 + j. Let r(c) = -4*c - 1. Give r(b).
7
Suppose -191*c + 54*c + 261 = -561. Let f(s) = 8*s**2 - 44*s - 18. Calculate f(c).
6
Let r = 65 + -55. Suppose 22 = 6*q + r. Let y(o) = 23*o**2 - 5*o**2 - 8*o**2 - 8*o**2 + 3*o - 3. Give y(q).
11
Let x(l) = -l**2 + l + 3. Let o be -6 - ((1 - -3)/(-4))/(-1). Let f be (o + 0)*-1 + -2*2. Let c be (-6 + 6 - f*1)/(-1). What is x(c)?
-3
Let j(g) = -12*g + 8. Let a(d) = -68*d - 11489. Let b be a(-169). Give j(b).
-28
Let d(c) = 90*c + 72. Let t be d(-1). Let m(l) = -l**3 - 19*l**2 - 17*l + 14. Determine m(t).
-4
Suppose -3*w - 267 = -i, -9*w + 13*w + 4*i + 372 = 0. Let c be -5*9*12/w. Let a(m) = -m**3 - 5*m**2 + 4*m**2 - 9*m + 8*m**2. Determine a(c).
-18
Let o(i) be the third derivative of -i**5/30 - 13*i**4/12 - 47*i**3/6 - 142*i**2. Let u(m) be the first derivative of o(m). Determine u(-7).
2
Suppose -5*g - u + 51 = 0, -4*u = -g - 23 + 8. Let i(f) = 4*f - 30. Calculate i(g).
6
Let u(t) = -2*t + 10. Let l be 6 - (-8*12/(-336) + (-38)/(-14)). Determine u(l).
4
Let w(c) = -c**2 + 10*c - 19. Let q be 7*(69/(-46)*(0 + -2))/3. What is w(q)?
2
Let l(c) be the third derivative of -c**4/24 - c**3/6 + 17*c**2 - 2*c. Let n = 76 + -70. Give l(n).
-7
Suppose -108 = -38*l - 640. Let r(c) = -c**2 - 13*c - 7. Give r(l).
-21
Let k(g) be the second derivative of g**4/24 - 13*g**3/6 + 44*g**2 + 20*g. Let u(y) be the first derivative of k(y). Give u(12).
-1
Let i(a) = 4*a**3 - 3*a**3 + 0 + 9*a**2 - 14*a + 2*a - 24. Let l be i(-10). Let v(k) = k + 11. Let u(d) = d + 11. Let b(p) = l*u(p) + 3*v(p). What is b(-6)?
-5
Let i(t) = -t - 14. Let c = 63 + -61. Let u(g) = c + g**3 + 3*g**2 - g - 2*g**3 + 2*g. Let x be u(4). Determine i(x).
-4
Let w(q) = -q**3 + 3*q**2 + 4*q - 3. Let m be w(4). Let g(i) be the third derivative of 0 + 0*i - 1/4*i**4 - 2/3*i**3 + 8*i**2. Give g(m).
14
Let f(k) = -k**3 - 4 + 2*k**2 - 50*k + 2 - 52*k + 108*k. Suppose 0*d + 2*d - 8 = 0. Give f(d).
-10
Suppose -50 = -16*q + 11*q. Suppose 0 = 3*w - 12, 0 = 3*d - w - q + 2. Let c(j) = -j**3 + d*j**2 + j**2 - 1 - j - 5*j**2. Calculate c(0).
-1
Let t(s) be the third derivative of 0 + 0*s - 1/20*s**5 + 1/120*s**6 + 1/24*s**4 + 2*s**2 - 1/6*s**3. Suppose 3 = m, 4*g - 76 + 62 = -2*m. What is t(g)?
-3
Let n(i) = 24*i**3 - i**2 + i + 1. Let a(x) = -x**2 - x - 1. Let w(r) = 2*r**2 + 17*r + 28. Let q(s) = a(s) + w(s). Let l be q(-14). Calculate n(l).
-25
Let g(h) = -12*h**2 + 11*h - 10. Let y(m) = 15*m**